933, 38119
List the prime factors of 4990604171.
7, 29, 239, 3547
What are the prime factors of 282163860?
2, 3, 5, 11, 31, 4597
List the prime factors of 10539338.
2, 19, 337, 823
List the prime factors of 2677386762.
2, 3, 1663, 89443
What are the prime factors of 262345196?
2, 65586299
List the prime factors of 4894983612.
2, 3, 2381, 57107
What are the prime factors of 694448557?
11, 103, 612929
List the prime factors of 67866927.
3, 22622309
List the prime factors of 2264219590.
2, 5, 23, 97, 101489
List the prime factors of 47707138.
2, 19, 1255451
List the prime factors of 136061562.
2, 3, 7, 13, 29, 661
List the prime factors of 69349438.
2, 34674719
List the prime factors of 18958641.
3, 13, 486119
List the prime factors of 1477342285.
5, 337, 876761
List the prime factors of 87827076.
2, 3, 2439641
List the prime factors of 1352008494.
2, 3, 23, 43, 173, 439
List the prime factors of 860006377.
89, 2521, 3833
List the prime factors of 15940540.
2, 5, 7, 11, 941
List the prime factors of 50449759.
37, 491, 2777
What are the prime factors of 1112266873?
2557, 434989
What are the prime factors of 28995000?
2, 3, 5, 1933
What are the prime factors of 345192735?
3, 5, 17, 41, 137, 241
What are the prime factors of 39323751?
3, 79, 277, 599
List the prime factors of 1708449759.
3, 109, 580513
What are the prime factors of 9448886?
2, 83, 56921
List the prime factors of 1933542564.
2, 3, 23, 929, 7541
List the prime factors of 58422252.
2, 3, 7, 695503
List the prime factors of 22159781.
7, 37, 67, 1277
List the prime factors of 764279684.
2, 7, 97, 439, 641
What are the prime factors of 651016848?
2, 3, 13562851
List the prime factors of 1342887774.
2, 3, 223814629
What are the prime factors of 801940636?
2, 7, 28640737
List the prime factors of 2470408685.
5, 193, 389, 6581
List the prime factors of 1533734402.
2, 11731, 65371
What are the prime factors of 239040983?
239040983
List the prime factors of 329702647.
329702647
What are the prime factors of 1208963728?
2, 7, 10794319
List the prime factors of 1142703392.
2, 269, 132749
What are the prime factors of 265560?
2, 3, 5, 2213
List the prime factors of 171119796.
2, 3, 14259983
List the prime factors of 94426407.
3, 29, 361787
List the prime factors of 57724160.
2, 5, 13, 3469
List the prime factors of 291029652.
2, 3, 2694719
What are the prime factors of 160690191?
3, 673, 79589
List the prime factors of 119217285.
3, 5, 11, 43, 1867
What are the prime factors of 47611687?
1087, 43801
What are the prime factors of 881278798?
2, 12853, 34283
List the prime factors of 287274500.
2, 5, 17, 33797
What are the prime factors of 523544592?
2, 3, 10907179
List the prime factors of 612311922.
2, 3, 499, 68171
List the prime factors of 891961305.
3, 5, 59464087
List the prime factors of 3304811179.
3304811179
List the prime factors of 3780945422.
2, 113, 1831, 9137
What are the prime factors of 158406742?
2, 13, 367, 1277
List the prime factors of 171012802.
2, 31, 509, 5419
What are the prime factors of 16964202?
2, 3, 23, 122929
List the prime factors of 209012299.
209012299
What are the prime factors of 370918289?
7, 199, 38039
List the prime factors of 2915608315.
5, 191, 3052993
What are the prime factors of 3542648417?
7, 11, 653, 70457
List the prime factors of 4702268873.
4702268873
List the prime factors of 363255334.
2, 13, 29, 31, 15541
What are the prime factors of 36593536?
2, 7, 40841
List the prime factors of 390530411.
5153, 75787
What are the prime factors of 77012204?
2, 199, 96749
List the prime factors of 246994591.
59, 101, 181, 229
List the prime factors of 2525562769.
113, 331, 67523
List the prime factors of 590523869.
13, 1439, 31567
What are the prime factors of 1683937951?
1683937951
What are the prime factors of 26980530?
2, 3, 5, 17, 52903
List the prime factors of 48271181.
7, 23, 53, 5657
List the prime factors of 4587500904.
2, 3, 7, 19, 1437187
What are the prime factors of 25032823?
17, 19, 4079
List the prime factors of 543587209.
11, 43, 1149233
What are the prime factors of 53305237?
23, 2317619
List the prime factors of 101164255.
5, 1709, 11839
List the prime factors of 334558077.
3, 7, 107, 148891
List the prime factors of 7940163133.
7, 1134309019
What are the prime factors of 7140649543?
1069, 6679747
What are the prime factors of 84148485?
3, 5, 313, 17923
List the prime factors of 353615927.
7, 5701, 8861
What are the prime factors of 437352970?
2, 5, 43735297
What are the prime factors of 5772168575?
5, 79, 109, 26813
What are the prime factors of 66163160?
2, 5, 7, 236297
List the prime factors of 28923378.
2, 3, 11, 438233
List the prime factors of 238131757.
238131757
List the prime factors of 295772922.
2, 3, 31, 283, 1873
List the prime factors of 11960868.
2, 3, 996739
List the prime factors of 2541383287.
59, 109, 139, 2843
What are the prime factors of 3942177?
3, 19, 23, 31, 97
List the prime factors of 1414192559.
13, 23, 971, 4871
What are the prime factors of 443665503?
3, 941, 52387
List the prime factors of 612848399.
59, 10387261
List the prime factors of 585568464.
2, 3, 13, 29, 32359
List the prime factors of 633255476.
2, 7, 31, 729557
What are the prime factors of 157970299?
157970299
What are the prime factors of 3881640?
2, 3, 5, 7, 4621
What are the prime factors of 26252213?
13, 2019401
List the prime factors of 173974499.
151, 1152149
What are the prime factors of 255215277?
3, 19, 43, 61, 569
List the prime factors of 272718687.
3, 31, 2932459
What are the prime factors of 1251054618?
2, 3, 11, 241, 78653
List the prime factors of 50147794.
2, 223, 229, 491
List the prime factors of 29929867.
11, 2720897
What are the prime factors of 10208976?
2, 3, 17, 12511
What are the prime factors of 603383080?
2, 5, 2143, 7039
List the prime factors of 251237540.
2, 5, 12561877
List the prime factors of 13359720.
2, 3, 5, 11, 29, 349
What are the prime factors of 30028904?
2, 37, 101449
List the prime factors of 2820355970.
2, 5, 41, 6878917
List the prime factors of 6572174903.
7, 938882129
List the prime factors of 48068491.
71, 677021
List the prime factors of 17025829.
17025829
List the prime factors of 22570834.
2, 11, 13, 78919
List the prime factors of 83193559.
5483, 15173
List the prime factors of 127857398.
2, 937, 68227
List the prime factors of 1407464454.
2, 3, 11, 21325219
What are the prime factors of 767802658?
2, 7, 7834721
What are the prime factors of 35810739?
3, 3978971
What are the prime factors of 7264985542?
2, 587, 6188233
What are the prime factors of 4908372794?
2, 13, 14521813
What are the prime factors of 984367439?
11, 17, 5263997
What are the prime factors of 6541445?
5, 107, 12227
List the prime factors of 42015066.
2, 3, 23, 304457
What are the prime factors of 967343493?
3, 322447831
List the prime factors of 6092561470.
2, 5, 19, 53, 605021
List the prime factors of 70054718.
2, 61, 574219
List the prime factors of 208913173.
7, 29844739
What are the prime factors of 337318440?
2, 3, 5, 31, 90677
List the prime factors of 185893680.
2, 3, 5, 7, 110651
What are the prime factors of 1063341277?
9743, 109139
What are the prime factors of 194331014?
2, 59, 1021, 1613
What are the prime factors of 357833654?
2, 47, 3806741
What are the prime factors of 80398029?
3, 179, 149717
What are the prime factors of 746236646?
2, 37, 653, 15443
What are the prime factors of 2956851816?
2, 3, 79, 1559521
List the prime factors of 8627433.
3, 2875811
What are the prime factors of 122224825?
5, 487, 10039
What are the prime factors of 3237140642?
2, 109, 197, 75377
List the prime factors of 2013643516.
2, 139, 3621661
List the prime factors of 516058363.
516058363
What are the prime factors of 49702246?
2, 11, 487, 4639
What are the prime factors of 3948477877?
751, 5257627
What are the prime factors of 115096560?
2, 3, 5, 479569
What are the prime factors of 171973676?
2, 7, 83, 73999
List the prime factors of 22833524.
2, 7, 73, 11171
List the prime factors of 164102554.
2, 7, 11, 1065601
What are the prime factors of 31809796?
2, 613, 12973
List the prime factors of 2970653479.
2970653479
What are the prime factors of 1191873413?
1191873413
What are the prime factors of 868379636?
2, 217094909
List the prime 